Let v = 71 + -69. Let d(t) = -t**3 + 3*t**2 - 3*t + 1. Calculate d(v).
-1
Let w be 5/30*3*2. Let h(o) = -4*o**3 - o + 1. Give h(w).
-4
Let t(o) = -o**2 + 4*o - 2. Let q be t(5). Let r = -4 - q. Let d(s) = 1 - 7*s + 3 + 0 - r. Give d(-1).
8
Let v(z) = -z**2 - 2*z + 4. Let m(j) = -6*j**2 - 5. Let p(n) = 12*n**2 + 9. Let y(k) = -11*m(k) - 6*p(k). Let q be y(1). Let c = q + 2. Determine v(c).
1
Let n(x) be the first derivative of 3*x**2/2 + x + 7. Let g = -2 + 2. Suppose -4*d - 2 - 10 = g. What is n(d)?
-8
Let m = -8 + 5. Let z be m + 2 - (0 + 0). Let d(b) = 8*b - 1. What is d(z)?
-9
Let z(k) = k**3 - 5*k**2 - 5*k - 4. Suppose 5*b - 24 = -f, 5*b - 16 - 14 = 5*f. Let i be 6 - ((2 - 1) + f). Let s be z(i). Let h(c) = 4*c - 2. Calculate h(s).
6
Let d(z) = 5*z + z - 2*z + 1. Let t be 2/(-3) - (-26)/(-6). Let j be -1*(t - -2)/(-3). Calculate d(j).
-3
Let l(b) = -4*b + 3. Let s(f) = 3*f - 4. Let r(a) = -4*l(a) - 3*s(a). What is r(1)?
7
Let z(a) = -a**3 - a + 1. Let y(g) = -4*g**3 - 5*g**2 - 3*g + 7. Let u(i) = y(i) - 5*z(i). Give u(4).
-6
Let d(l) = 4 + 0*l**2 + l + 4*l**2 - 3*l**2 + 4*l. Let m(s) = -s**2 + 3*s - 3. Let g be m(3). Determine d(g).
-2
Let x(z) = -z. Let v be x(2). Let g(j) = 6*j + 3. What is g(v)?
-9
Let u(v) = 2*v**2 + v + 2. Let o be u(-1). Let a(t) = 5*t + 1 - t - 5 + t**o + 5*t**2 + 5. What is a(-3)?
7
Suppose 0 = q - 15*q + 98. Let f(o) = -o**3 + 6*o**2 + 7*o - 9. What is f(q)?
-9
Let n(f) = f - 1. Let a be -4 - (24/(-4) + 4). Let z(i) = 4*i - 8. Let r = 4 - 3. Let y(k) = a*n(k) + r*z(k). Give y(4).
2
Let q = 4 + -2. Let u(z) = -3*z + 4*z**2 - 1 - 7*z**2 + 2*z**q. What is u(-3)?
-1
Let o(x) be the second derivative of 3*x**8/2240 - x**7/1260 + x**6/720 - x**4/3 - 2*x. Let f(y) be the third derivative of o(y). What is f(1)?
8
Let w(q) = 6*q + 6. Let o(j) = 5*j + 6. Let c(y) = -7*o(y) + 6*w(y). Give c(5).
-1
Suppose -k = 4*k - 10. Let w(a) = 5*a - 2. Let o(s) = 3 - 2 - 4*s + s. Let y(r) = 8*o(r) + 5*w(r). What is y(k)?
0
Let h be 51/27 - 2/(-18). Let b(g) be the first derivative of 1 + 0*g**h - 1/3*g**3 + 3*g. Give b(3).
-6
Suppose -5*o = a + 20, -2 = -5*o - 17. Let c(u) = u**3 + 6*u**2 + 5*u + 5. Give c(a).
5
Let x(v) = v**3 + 8*v**2 + 8*v + 2. Let m be x(-7). Let n be 0/1 + 4 + m. Let i(y) = -14*y. Give i(n).
14
Let x(h) = 25*h**2 + 0 - 7*h - 26*h**2 - 2. Let s be ((-42)/49)/((-2)/(-14)). Give x(s).
4
Let f(k) = k**3 + 9*k**2 + 6*k - 11. Let v be (1/(-1))/((-5)/(-40)). Calculate f(v).
5
Let w(i) be the first derivative of 3*i**2/2 + 4*i + 32. Determine w(-4).
-8
Let a(w) be the second derivative of -w**4/24 - w**3 + 5*w**2/2 + 6*w. Let d(v) be the first derivative of a(v). What is d(-5)?
-1
Let b(j) = j**2 - 6*j + 1. Let v(c) = -c**2 + 6*c - 2. Let d(y) = 3*b(y) + 4*v(y). What is d(5)?
0
Let c(l) be the second derivative of -l**7/1260 + l**6/240 + l**5/60 + 3*l**4/4 + 4*l. Let d(z) be the third derivative of c(z). Calculate d(-2).
-12
Let h(i) = 11*i**2 - 17*i - 2. Let n(v) = 5*v**2 - 8*v - 1. Let w(x) = 6*h(x) - 13*n(x). Calculate w(4).
25
Let j(a) = -15*a. Let v(y) = y**2 - 6*y + 7. Let h be v(5). Suppose -h*d + 1 = 2*g + 5, 0 = -d - 1. Calculate j(g).
15
Let g(m) = -m**3 - 2*m**2 + 1. Suppose -6*i + 20 = 32. Calculate g(i).
1
Let n(t) = t**3 + t**2 + t + 6. Let p = 5 + -5. Suppose p = -0*r - r. Give n(r).
6
Let g(u) be the first derivative of -3*u - 9 - 1/2*u**2. Calculate g(-8).
5
Let t = 124 - 127. Let z(v) be the third derivative of v**6/120 + v**5/15 + v**4/8 - v**3/3 - v**2. What is z(t)?
-2
Suppose -3*d - 5 = 5*s + 5, 5*d = 5*s + 50. Let a(n) = -6*n. Calculate a(s).
30
Let t(u) be the second derivative of u**8/6720 + u**7/420 + u**6/180 - u**5/24 - 5*u**4/12 + 3*u. Let i(o) be the third derivative of t(o). What is i(-5)?
0
Suppose 6*a = 11*a + 25. Let i(v) = v**3 + 5*v**2 + v + 5. Calculate i(a).
0
Let b(l) be the third derivative of -2*l**2 + 0 - 1/3*l**4 + 0*l**3 + 0*l. Suppose 0 = -4*o - 4*t - 8, t - 5*t = 3*o + 9. Calculate b(o).
-8
Let r(v) = -v. Let o(h) = 5*h - 32. Let b be o(6). Give r(b).
2
Let v = 73 + -71. Let n(t) be the second derivative of 0 + 2*t + 3*t**v - 1/12*t**4 + 1/6*t**3. Give n(0).
6
Let h(p) = -3*p**3 - 14*p**2 - 3*p + 26. Suppose a - 3*a + c - 22 = 0, 0 = 5*c. Let g(t) = t**3 + 5*t**2 + t - 9. Let q(s) = a*g(s) - 4*h(s). Calculate q(0).
-5
Let i(v) = v**3 + 5*v**2 + 4*v + 5. Suppose 3*r - r + 10 = 0. Determine i(r).
-15
Let p be 2/(-3)*-6 - 1. Let s(d) = -d**2 + 3*d + 2. Calculate s(p).
2
Let h(c) be the third derivative of -c**6/120 - c**5/12 + c**4/12 + 5*c**3/6 + c**2. Let a = 19 - 14. Suppose -2*s = 5 + a. Determine h(s).
-5
Let m(f) be the third derivative of 1/120*f**6 + 1/4*f**4 + 0*f + 1/2*f**3 + 0 - 7/60*f**5 - 3*f**2. Determine m(6).
3
Let f(b) = 2*b + 4. Let h be (-1)/(-3) - 50/6. What is f(h)?
-12
Let w(y) = 13 - 1 - 22*y + 23*y. What is w(-7)?
5
Suppose 16 = -3*a - z, -2*a - 11 = 2*z + 5. Let i = a + 10. Let o be (-8)/(-12) + (-4)/i. Let p(j) = -j - 4. Determine p(o).
-4
Let d(o) = -2*o - 2. Let w be d(-1). Let t(u) = u**2 - u. Determine t(w).
0
Let s = 4 + -1. Let j be ((-1)/s)/(1/(-9)). Let u(y) = -5*y. Let a(m) = 6*m - 1. Let z(k) = j*u(k) + 2*a(k). What is z(3)?
-11
Let z(d) be the third derivative of d**5/60 - d**4/24 - 2*d**3/3 + d**2. Let s be z(3). Let c(k) = 3*k**2 + 0*k + k - k**3 - 2*k - k + 1. Give c(s).
1
Let n(w) = -4*w - 15. Let c be 30/4*(-4)/(-6). Let i(j) = 3*j + 14. Let q(u) = c*i(u) + 4*n(u). Let f = -22 + 27. What is q(f)?
5
Let s(n) = n + 5. Let u be s(0). Let d(i) = -i**2 - 9*i + 5. Let v(m) = -3*m**2 - 19*m + 11. Let l(g) = -5*d(g) + 2*v(g). Calculate l(u).
7
Let r be 2/(-1) - -4 - -1. Let u(d) = r + 6*d**2 - 2 - 8*d + 5*d + 5*d. Calculate u(-1).
5
Suppose 8 + 0 = 2*f. Let p(v) be the second derivative of v**5/20 - v**4/4 - 5*v**3/6 + v**2 - 2*v - 12. What is p(f)?
-2
Let u(l) = 5*l**3 - 6*l**2 - 26*l + 9. Let o(t) = -t**3 + t**2 + 5*t - 2. Let k(d) = 11*o(d) + 2*u(d). Suppose 4*i = 2*i - 6. Calculate k(i).
5
Let b(z) = -z**3 + 6*z**2 + 8*z - 10. Let a(v) = -5*v**2 - 5*v + 0*v**2 + 6*v**2 + 7. Let m be a(5). What is b(m)?
-3
Let d = 104 - 102. Let u(c) = c + 2. What is u(d)?
4
Let p be 63/15 - (-2)/(-10). Suppose -p*f = 3*j - 8, 0*j - 18 = 2*j - 2*f. Let v(t) = t**2 + 5*t + 3. Give v(j).
-1
Let n(f) = -5*f**2 - 5*f + 17. Let c(m) = -2*m**2 - 2*m + 8. Let y(s) = 7*c(s) - 3*n(s). What is y(0)?
5
Suppose -5*f = 5 - 55. Let x be 4/(-18) - f/(-45). Let c(l) = l**2 + 4. Give c(x).
4
Suppose 0 = 5*l + 3*r + 10, -2*l + 3*l - 3*r = 16. Let i(d) = -6*d**3 - d**2 + d. Calculate i(l).
-6
Let i(o) = -4*o**3 + o**2 - 1. Let r(l) = -l**3 - l**2 - l - 1. Let h be r(0). Let y be 1/h + 2 + 0. Determine i(y).
-4
Suppose 3*f + 3 = 4*f. Let d(i) = -2*i - i**2 - 6*i**3 - i - 2*i**3 + 9*i**3 - 2. What is d(f)?
7
Let y(v) = 2*v**2 - v + 7. Let n(g) = -4*g**2 + g - 15. Let o(u) = 4*n(u) + 9*y(u). Let r = 6 + -3. What is o(r)?
6
Let n(k) = k - 4. Let s be 4*(-6)/60 - 37/(-5). Determine n(s).
3
Let a(k) = -k**3 + 6*k**2 + k - 1. Suppose -5*n = -0*n - 30. What is a(n)?
5
Let r(u) be the second derivative of -3/2*u**2 - 1/12*u**4 + 7/6*u**3 + 0 - 3*u. What is r(6)?
3
Let f(r) = r + 1. Suppose -o - 2 + 5 = 0. Let a = 0 + 4. Suppose a = -o*z + 1. Determine f(z).
0
Let s(i) = -i + 7. Let f be 9/5*20/6. Let v = -1 + f. Calculate s(v).
2
Let f = -1 - -2. Let l(t) = -3*t + 1. Let q be l(f). Let m(v) = 2*v - 1 + 0*v**2 + 2*v**2 - 1. What is m(q)?
2
Let c = -141 + 145. Let k(v) = v + 5. Give k(c).
9
Let n(k) = -k**3 + 6*k**2 + k - 3. Let g be n(6). Let c(r) = r - 3. Calculate c(g).
0
Let w(y) = -y**2 + 3*y - 1. Suppose 5*c - 12 - 3 = 0. Suppose -2*u = -c*u + 4. Suppose 0 = -4*b + 4 + u. Calculate w(b).
1
Let i(u) be the first derivative of u**3/6 - u**2 - 4*u - 1. Let s(y) be the first derivative of i(y). Give s(2).
0
Let y(r) = 3*r + 2. Suppose 15*b - 12*b = 12. What is y(b)?
14
Let c(u) = u**2 - 5*u - 5. Let f(w) = -w**3 - 7*w**2 + 7*w - 3. Let z be f(-8). What is c(z)?
-5
Let m(l) = -l**3 + l**2 + l. Let k(s) = s**2 + 4*s + 1 + 2 + s**2 - s**2. Let t be k(-3). Determine m(t).
0
Let x = -123 + 115. Let d(c) = -c - 14. Give d(x).
-6
Let p(m) = 3*m + 3. Let j be p(-2). Let u be 2/6 + (-88)/(-24). Let f(n) = -5 - 3*n + 0 + n + u. What is f(j)?
5
Let s(o) = -o**2 + 8. Let u(x) = -x - 6. Let v be u